{"id":1357,"date":"2022-02-04T12:49:51","date_gmt":"2022-02-04T12:49:51","guid":{"rendered":"https:\/\/santamariadegimenells.info\/?page_id=1357"},"modified":"2026-04-01T08:51:49","modified_gmt":"2026-04-01T08:51:49","slug":"trasllat-despulles","status":"publish","type":"page","link":"https:\/\/santamariadegimenells.info\/","title":{"rendered":"INICI"},"content":{"rendered":"<p style=\"text-align: center;\"><img loading=\"lazy\" decoding=\"async\" class=\"alignnone size-full wp-image-2256 aligncenter\" src=\"http:\/\/santamariadegimenells.info\/wp-content\/uploads\/2026\/01\/portada-inici-scaled.jpg\" alt=\"\" width=\"2560\" height=\"1723\" srcset=\"https:\/\/santamariadegimenells.info\/wp-content\/uploads\/2026\/01\/portada-inici-scaled.jpg 2560w, https:\/\/santamariadegimenells.info\/wp-content\/uploads\/2026\/01\/portada-inici-300x202.jpg 300w, https:\/\/santamariadegimenells.info\/wp-content\/uploads\/2026\/01\/portada-inici-1024x689.jpg 1024w, https:\/\/santamariadegimenells.info\/wp-content\/uploads\/2026\/01\/portada-inici-768x517.jpg 768w, https:\/\/santamariadegimenells.info\/wp-content\/uploads\/2026\/01\/portada-inici-1536x1034.jpg 1536w, https:\/\/santamariadegimenells.info\/wp-content\/uploads\/2026\/01\/portada-inici-2048x1378.jpg 2048w\" sizes=\"auto, (max-width: 2560px) 100vw, 2560px\" \/><span style=\"font-size: 10pt;\"><em>Fotografia feta cap a l&#8217;any 1953<\/em><\/span><\/p>\n<p data-pm-slice=\"1 1 []\"><em>Aquest web ni \u00e9s, ni pret\u00e9n, ni vol ser un lloc oficial. Sols vol ser un lloc on recordar les viv\u00e8ncies viscudes a Santa Maria de Gimenells al llarg dels anys que hi vaig viure (1960 \u2013 1971) i repassar una mica pel damunt la hist\u00f2ria de la Finca, intentant mantenir vius els records del lloc que em va donar tants amics, bones estones i una filosofia de viure.<\/em><\/p>\n<p><strong>Agra\u00efments:<\/strong><\/p>\n<p>Agraeixo la col\u00b7laboraci\u00f3 de les institucions i persones que han fet possible aquesta recerca, especialment aquells que han contribu\u00eft amb testimonis, documents i suport en la preservaci\u00f3 de la mem\u00f2ria hist\u00f2rica de Santa Maria de Gimenells i de l\u2019Obra Tutelar Agr\u00e0ria all\u00ed desenvolupada.<\/p>\n<p>Aquest recull no hauria estat possible sense la informaci\u00f3 que he pogut obtindr\u00e9 del Facebook creat pel <em>Sr. Josep Sol\u00e9 Torrente<\/em> \u201c<a href=\"https:\/\/www.facebook.com\/groups\/133828029978927\" target=\"_blank\" rel=\"noopener noreferrer nofollow\"><u>Jo tamb\u00e9 vaig cr\u00e9ixer a Santa Maria de Gimenells<\/u><\/a>\u201d.<\/p>\n<p>Tamb\u00e9 he d\u2019agrair al <em>Sr. Baldomero Borrell<\/em> que em va fer sabedor de l\u2019exist\u00e8ncia del llibre \u201cTERRA I FRANQUISME A LLEIDA\u201d de l\u2019Editorial Pag\u00e8s, d\u2019on he extret informaci\u00f3 dels cap\u00edtols m\u00e9s significatius que fan refer\u00e8ncia a Santa Maria de Gimenells.<\/p>\n<p>El meu agra\u00efment i reconeixement al <em>Sr. Jaume Vinyals i Rovira<\/em>, amb el que vaig poder conversar i que em va fer avinent un dossier extraordinari per tal de con\u00e8ixer la vida a Santa Maria de Gimenells dels anys 1957 (1\/11) fins el 1960 (31\/08).<\/p>\n<p>Altres fotografies han estat cedides per la <em>Sra. Dolors Malaret, el Sr. Joan Jos\u00e9 Ruiz, el Sr. Baldomero Borrel<\/em>l i de la meva col\u00b7lecci\u00f3 particular.<\/p>\n<p>Tamb\u00e9 vull agrair a la fam\u00edlia del <em>Sr. Gabriel Tornos Roure,<\/em> (mestre molt ben valorat i eternament recordat) per la seva inestimable col\u00b7laboraci\u00f3 en deixar-me escanejar un nombr\u00f3s volum de fotografies que m\u2019han servit per a mostrar la vida que es desenvolupava a la Col\u00f2nia entre els anys 1961 i 1963.<\/p>\n<p>Consulteu aquest enlla\u00e7 per obtenir la informaci\u00f3 oficial de <a href=\"https:\/\/www.obratutelaragraria.org\/\" target=\"_blank\" rel=\"noopener\"><strong><u>l\u2019Obra Tutelar Agr\u00e0ria.<\/u><\/strong><\/a><\/p>\n<p><strong>Si voleu contribuir a l\u2019engrandiment d\u2019aquest web, podeu enviar la informaci\u00f3 que considereu adient que ser\u00e0 publicada sempre amb el nom de la persona que l\u2019aporti.<\/strong><\/p>\n","protected":false},"excerpt":{"rendered":"<p>&#46;&#46;&#46;<\/p>\n","protected":false},"author":1,"featured_media":0,"parent":0,"menu_order":0,"comment_status":"closed","ping_status":"closed","template":"","meta":{"footnotes":""},"class_list":["post-1357","page","type-page","status-publish","hentry"],"_links":{"self":[{"href":"https:\/\/santamariadegimenells.info\/index.php\/wp-json\/wp\/v2\/pages\/1357","targetHints":{"allow":["GET"]}}],"collection":[{"href":"https:\/\/santamariadegimenells.info\/index.php\/wp-json\/wp\/v2\/pages"}],"about":[{"href":"https:\/\/santamariadegimenells.info\/index.php\/wp-json\/wp\/v2\/types\/page"}],"author":[{"embeddable":true,"href":"https:\/\/santamariadegimenells.info\/index.php\/wp-json\/wp\/v2\/users\/1"}],"replies":[{"embeddable":true,"href":"https:\/\/santamariadegimenells.info\/index.php\/wp-json\/wp\/v2\/comments?post=1357"}],"version-history":[{"count":110,"href":"https:\/\/santamariadegimenells.info\/index.php\/wp-json\/wp\/v2\/pages\/1357\/revisions"}],"predecessor-version":[{"id":2170,"href":"https:\/\/santamariadegimenells.info\/index.php\/wp-json\/wp\/v2\/pages\/1357\/revisions\/2170"}],"wp:attachment":[{"href":"https:\/\/santamariadegimenells.info\/index.php\/wp-json\/wp\/v2\/media?parent=1357"}],"curies":[{"name":"wp","href":"https:\/\/api.w.org\/{rel}","templated":true}]}}

<p style="text-align: center;"><img loading="lazy" decoding="async" class="alignnone size-full wp-image-2256 aligncenter" src="http://santamariadegimenells.info/wp-content/uploads/2026/01/portada-inici-scaled.jpg" alt="" width="2560" height="1723" srcset="https://santamariadegimenells.info/wp-content/uploads/2026/01/portada-inici-scaled.jpg 2560w, https://santamariadegimenells.info/wp-content/uploads/2026/01/portada-inici-300x202.jpg 300w, https://santamariadegimenells.info/wp-content/uploads/2026/01/portada-inici-1024x689.jpg 1024w, https://santamariadegimenells.info/wp-content/uploads/2026/01/portada-inici-768x517.jpg 768w, https://santamariadegimenells.info/wp-content/uploads/2026/01/portada-inici-1536x1034.jpg 1536w, https://santamariadegimenells.info/wp-content/uploads/2026/01/portada-inici-2048x1378.jpg 2048w" sizes="auto, (max-width: 2560px) 100vw, 2560px" /><span style="font-size: 10pt;"><em>Fotografia feta cap a l&#8217;any 1953</em></span></p>
<p data-pm-slice="1 1 []"><em>Aquest web ni és, ni pretén, ni vol ser un lloc oficial. Sols vol ser un lloc on recordar les vivències viscudes a Santa Maria de Gimenells al llarg dels anys que hi vaig viure (1960 – 1971) i repassar una mica pel damunt la història de la Finca, intentant mantenir vius els records del lloc que em va donar tants amics, bones estones i una filosofia de viure.</em></p>
<p><strong>Agraïments:</strong></p>
<p>Agraeixo la col·laboració de les institucions i persones que han fet possible aquesta recerca, especialment aquells que han contribuït amb testimonis, documents i suport en la preservació de la memòria històrica de Santa Maria de Gimenells i de l’Obra Tutelar Agrària allí desenvolupada.</p>
<p>Aquest recull no hauria estat possible sense la informació que he pogut obtindré del Facebook creat pel <em>Sr. Josep Solé Torrente</em> “<a href="https://www.facebook.com/groups/133828029978927" target="_blank" rel="noopener noreferrer nofollow"><u>Jo també vaig créixer a Santa Maria de Gimenells</u></a>”.</p>
<p>També he d’agrair al <em>Sr. Baldomero Borrell</em> que em va fer sabedor de l’existència del llibre “TERRA I FRANQUISME A LLEIDA” de l’Editorial Pagès, d’on he extret informació dels capítols més significatius que fan referència a Santa Maria de Gimenells.</p>
<p>El meu agraïment i reconeixement al <em>Sr. Jaume Vinyals i Rovira</em>, amb el que vaig poder conversar i que em va fer avinent un dossier extraordinari per tal de conèixer la vida a Santa Maria de Gimenells dels anys 1957 (1/11) fins el 1960 (31/08).</p>
<p>Altres fotografies han estat cedides per la <em>Sra. Dolors Malaret, el Sr. Joan José Ruiz, el Sr. Baldomero Borrel</em>l i de la meva col·lecció particular.</p>
<p>També vull agrair a la família del <em>Sr. Gabriel Tornos Roure,</em> (mestre molt ben valorat i eternament recordat) per la seva inestimable col·laboració en deixar-me escanejar un nombrós volum de fotografies que m’han servit per a mostrar la vida que es desenvolupava a la Colònia entre els anys 1961 i 1963.</p>
<p>Consulteu aquest enllaç per obtenir la informació oficial de <a href="https://www.obratutelaragraria.org/" target="_blank" rel="noopener"><strong><u>l’Obra Tutelar Agrària.</u></strong></a></p>
<p><strong>Si voleu contribuir a l’engrandiment d’aquest web, podeu enviar la informació que considereu adient que serà publicada sempre amb el nom de la persona que l’aporti.</strong></p>
